 of m and d.
2
Let d = -718 - -1038. What is the highest common divisor of d and 8?
8
Suppose -2*b = 2*j - 16, 3*j + 2*j - 5*b = 10. Suppose j = 2*h + l - 9, 4*h = -5*l + 16. What is the highest common divisor of h and 63?
9
Suppose l + l = 48. Let g be (-7)/(6 + (-1580)/240). What is the highest common factor of g and l?
12
Let d be 99/15 - 2/(-5). Let b be 1/(((-14)/(-12))/d). Suppose 55 = 3*v - 17. Calculate the highest common factor of v and b.
6
Suppose 4*s - 9 = -1. Suppose 0 = -3*v - 15 + 33. Calculate the highest common factor of v and s.
2
Let v be 6/(-57) - (-159680)/760. What is the highest common divisor of 90 and v?
30
Let m = -581 - -773. What is the greatest common factor of 168 and m?
24
Let s be -7 + (-2 - 1) + 21. Calculate the highest common divisor of s and 1529.
11
Let f(l) = 7*l + 3*l**2 - 12*l - 12*l - 2 + 1. Let p be f(6). What is the highest common factor of p and 5?
5
Let x(t) = 4*t**2 + 2*t + 1. Let d be x(2). Let n = 682 + -556. What is the highest common divisor of n and d?
21
Suppose u = -f + 43, 98 + 99 = 4*u - f. Calculate the highest common divisor of 208 and u.
16
Suppose -i + 4*j = 12, -3*i = -2*i - 2*j + 20. Let m be i*((-12)/8 + 1). Calculate the highest common divisor of 7 and m.
7
Suppose 56*x = 58*x + 4*d - 34, -15 = -x - 3*d. What is the highest common factor of x and 511?
7
Let y = 146 + -108. Suppose 2*d + 21 = -5*m - 0, d - 27 = 5*m. What is the highest common factor of d and y?
2
Let q = 479 - 379. Calculate the highest common divisor of q and 40.
20
Let o be 3/6 - 36/(-8). Suppose 5*s + 5*d = 45, 2*s = -0*d + o*d - 10. Let z be ((-9)/s)/(7/(-105)). Calculate the highest common divisor of 27 and z.
27
Let a = 38 - 27. Let p(n) = -n**3 + 12*n**2 - 2*n + 25. Let k be p(12). What is the highest common factor of k and a?
1
Let i = 6 + -1. Calculate the greatest common factor of i and 125.
5
Let f(g) = 7*g - 1. Let z(j) = 8*j. Let i(c) = -6*f(c) + 5*z(c). Let p be i(7). Let m = 20 - p. What is the greatest common factor of 4 and m?
4
Let l(a) = a**3 + 7*a**2 + 3*a + 17. Let m be l(-5). What is the highest common divisor of m and 260?
52
Let g = -1926 - -1944. Let y = -449 + 647. Calculate the highest common factor of g and y.
18
Let g = -1270 + 1274. Calculate the greatest common factor of 33 and g.
1
Let y = 12 - 5. Suppose -q - 2*u + 276 = 0, y*q + 2*u = 4*q + 840. Calculate the highest common factor of q and 47.
47
Let n(l) = 4*l**2 + 7*l - 25. Let x(p) = 7*p**2 + 13*p - 49. Let t(i) = -5*n(i) + 3*x(i). Let y be t(-8). What is the highest common divisor of y and 4?
2
Let s(c) = c**3 - 10*c**2 + 3*c - 4. Let a be s(10). Suppose -4*p = -3*j + 43, j + 3*p = 9 + 1. What is the greatest common factor of j and a?
13
Let c(n) = n**2 + 9*n + 23. Let d be c(-9). Let q(b) = 1 + 6 - 7 - 23*b. Let g be q(-7). What is the highest common divisor of g and d?
23
Let o(p) = p**2 + 8*p + 15. Let i be o(-8). Calculate the greatest common divisor of 3 and i.
3
Let n be (-452)/(-24) + 0 + (-8)/(-48). Let f = -19 + 38. Calculate the highest common divisor of n and f.
19
Let w(t) = -t + 7. Let x be w(-8). Suppose -64 = -x*r + 13*r. Calculate the highest common divisor of r and 8.
8
Suppose 0*q = q - 4. Suppose -5*x - q*l = 16 - 64, -x - 2*l = -6. Let a be 2/6 + 80/x. What is the highest common factor of a and 35?
7
Suppose -9*f - 2409 = -20*f. What is the greatest common divisor of 511 and f?
73
Let a be (-2 - (-5 - -2)) + 5. Suppose -l - 45 = -a*l. Let r be (24/l + -3)*-33. What is the greatest common divisor of 22 and r?
11
Suppose -w + 168 = o, -8*w + o + 672 = -4*w. Let s(t) = t**3 - 14*t**2 - 29*t - 6. Let r be s(16). What is the greatest common divisor of r and w?
42
Let u be (-14)/(-77) + 8/(-22)*-346. Suppose 3*a + 90 = 8*a. Calculate the greatest common divisor of u and a.
18
Let r(m) = 30*m - 95. Let j be r(8). What is the greatest common divisor of 15 and j?
5
Let w be (-40)/(-16)*(16 - 10). Let l(v) = v**3 - 6*v**2 + 2*v + 3. Let g be l(6). What is the greatest common factor of w and g?
15
Suppose -5*k = -v + 2*v + 54, -4*v = -k - 15. Let u(z) = z**3 + 11*z**2 - 2*z - 4. Let t be u(k). Calculate the highest common divisor of t and 12.
6
Suppose 5*i - 3*i - 3*s = 8, -2*s = -5*i + 9. Let t be (i + 170/(-5))*-1. Calculate the greatest common factor of t and 3.
3
Let x = 12 + -5. Suppose 2*t - p - 2 = 3*t, 2*t - 16 = 2*p. Let b = t + 4. Calculate the highest common factor of x and b.
7
Let h = -12 - -16. Let j be (-69)/(-15) - ((-12)/(-5))/h. Let z be (-2)/(-4)*(84 - 12). What is the highest common factor of j and z?
4
Let o = 418 - 398. What is the greatest common divisor of o and 145?
5
Suppose -141 = 11*j - 438. Let x(k) = 2*k**2 - 6*k + 5. Let w be x(6). Suppose -4*g = w - 113. Calculate the greatest common divisor of j and g.
9
Let k(b) = -b**3 + 11*b**2 - 2*b - 1. Let v be k(8). Suppose d - 27 = 8. What is the greatest common factor of d and v?
35
Let u(g) = 4*g - 4. Let z be u(0). Let y(t) = -2*t + 10. Let f be y(z). Let a(n) = 5*n**2 + n. Let b be a(-2). Calculate the greatest common divisor of f and b.
18
Suppose 22*q = -q + 1794. Calculate the greatest common divisor of q and 507.
39
Suppose 0 = 20*w - 23*w + 114. What is the highest common factor of 513 and w?
19
Let r(d) = d**2 + 4*d + 11. Let k be r(9). Suppose 4*v = -2*l + k, 3*v - 2*l - 70 = v. Let q = 5 + 6. What is the highest common factor of v and q?
11
Let h = 547 + -523. Calculate the greatest common divisor of 184 and h.
8
Let t(o) = o**2 - 4*o - 6. Let u be t(6). Suppose 0*b + u = b. Let p(w) = 35*w - 276. Let x be p(8). Calculate the highest common factor of x and b.
2
Let s = -350 - -366. Let y(k) = k**3 + 5*k**2 - 4*k - 4. Let r be y(-5). Calculate the highest common divisor of r and s.
16
Let t(n) = 41*n + 15. Let b be t(1). What is the greatest common divisor of 104 and b?
8
Suppose 4*p - 4*u = p + 70, -3*p + 3*u + 66 = 0. What is the greatest common divisor of 234 and p?
18
Let v be (-548)/(-36) - (-6)/(-27). Let b be 3/v - 414/(-30). What is the highest common factor of b and 7?
7
Let a(j) = -j + 190. Let l be a(-35). What is the highest common factor of l and 25?
25
Let u(c) = -8*c**2 - 5*c. Let h be u(3). Let s = h + 112. What is the highest common divisor of 10 and s?
5
Suppose 525 = 2*b + 521. Suppose -2*l = -b*t + 8, 0 = -0*t - t - l + 14. Suppose 79 = 2*g - 65. Calculate the highest common factor of g and t.
9
Suppose 0*h = -4*h + 36. Let d(p) = 4*p - 9. Let l be d(h). What is the greatest common factor of l and 18?
9
Let g be 400/(-60)*81/(-4). What is the greatest common divisor of g and 75?
15
Let q be ((-6)/4)/((-7391)/(-1862) - 4). What is the greatest common divisor of q and 343?
49
Suppose 0 = 2*b - 4. Suppose -b*n + 98 = -172. What is the greatest common divisor of n and 15?
15
Suppose 0*i - 1890 = -21*i. Calculate the highest common factor of 240 and i.
30
Suppose -64 - 38 = -6*t. Suppose 5*f + t*f = 1166. Calculate the greatest common factor of 106 and f.
53
Let c = -22 + 25. Suppose -3*z - c*z = -60. Let a be 3*(-35)/(-3)*2. What is the highest common divisor of a and z?
10
Suppose 272 = -117*o + 134*o. What is the highest common factor of o and 16?
16
Let c be 10*(-5 + 204/30). Suppose -5*o = 3*b - 29, 2 = b - 3*o - 17. Let m = b + -1. What is the highest common factor of c and m?
6
Let m(q) = -2*q**2 + 134*q + 106. Let j be m(58). What is the highest common factor of j and 46?
46
Suppose 12*y - 6*y - 24 = 0. Suppose 34 = y*v - 66. What is the greatest common factor of 10 and v?
5
Let w(g) = -58*g - g**2 - 9 + 45*g + 0*g**2. Let i be w(-11). Calculate the greatest common divisor of 13 and i.
13
Let f = -100 + 198. Suppose -f = 9*g - 11*g - 2*m, 4*m + 4 = 0. What is the greatest common factor of g and 250?
50
Let g be 2/(-1)*68/(-8). Let j(c) = 50*c + 12. Let v be j(12). Suppose -3*f + v = f. Calculate the greatest common divisor of g and f.
17
Suppose 0 = 2*w - 3*w + 168. Suppose -8*u = -4*u - w. Suppose -93 + 25 = -4*k - s, u = 3*k + 3*s. Calculate the highest common factor of k and 144.
18
Let c = -41 + 106. What is the greatest common factor of 52 and c?
13
Let b = 7 + -5. Suppose 0 = -m - 0*m. Suppose -15 = 5*u + 5*y - 100, y + 1 = m. Calculate the greatest common factor of b and u.
2
Let d = 46 + -46. Suppose